t. What is the remainder when s(-2) is divided by 2?
1
Suppose 4*n + 0*n = -48. Calculate the remainder when 7 is divided by 1/(-6) - 50/n.
3
Let v = 5 - 5. Suppose g - 1 = -5*c, -g + c + c + 36 = 0. Calculate the remainder when g is divided by 14 - v - (1 + -1).
12
Let a(k) = 17*k - 4. Let l be 4/1 + 3 + -4. Calculate the remainder when a(l) is divided by 16.
15
What is the remainder when 119 is divided by (-22)/(-33)*93/2 + -1?
29
Calculate the remainder when (-915)/10*20/(-15) is divided by 25.
22
Suppose 4*y - 5 + 2 = 3*q, 5*y = -3*q - 30. Let n be 0 + (22 - (y + 1)). What is the remainder when 35 is divided by (-1)/2*n/(-1)?
11
Let b = 5 + -17. Let c = b + 16. What is the remainder when 15 is divided by c?
3
Let g(f) be the third derivative of -f**4/3 + f**3/6 + 2*f**2. What is the remainder when 32 is divided by g(-2)?
15
Let b = -4 - -5. Let k be (2 - b) + 13/1. Let o = -7 + k. Calculate the remainder when 19 is divided by o.
5
Let i(l) = -11*l - 1. Calculate the remainder when i(-5) is divided by 19.
16
Suppose 4*l - 82 = -2*q, 36 = q + l - 0*l. Calculate the remainder when q is divided by 2/(1 + 27/(-33)).
9
Let i = 73 + -157. Suppose 0 = 3*d - d - 292. Let c = i + d. What is the remainder when c is divided by 21?
20
Let x(a) = 44*a**2 - 1. Let u = -2 + 3. Let w be x(u). Suppose -w = 5*t - 128. What is the remainder when 49 is divided by t?
15
Let z(w) = w + 5. Let m = 9 - -4. Calculate the remainder when z(m) is divided by 10.
8
Suppose 0 = -4*w - 2*u + 7*u + 111, -3*w - 4*u = -122. Let d = 11 - 7. Suppose -g = d*j - 46, 4*g - 4 = -12. Calculate the remainder when w is divided by j.
10
Let d = 13 + -48. Let a = 56 + d. Suppose -8 = q - a. What is the remainder when 25 is divided by q?
12
Suppose -o + w = -22 + 2, w = -5*o + 76. What is the remainder when o is divided by 7?
2
Suppose 0 = -5*r + 5*q + 40, -5*q = -q + 20. Calculate the remainder when r is divided by 0 + -2 - 6/(-2).
0
Suppose -109 - 3 = -7*x. What is the remainder when 29 is divided by x?
13
Let d(h) = h**2 + 3*h - 3. Let f(s) = 3*s - 5. Let l be f(8). Suppose 0 = -0*p + p - l. What is the remainder when d(5) is divided by p?
18
Let s(b) = -481*b. Let x(l) = -15*l. Let r(i) = 2*s(i) - 65*x(i). What is the remainder when 24 is divided by r(1)?
11
What is the remainder when 79 is divided by (2/5)/(16/800)?
19
Let h = -2 - -8. Let w be h - 2/(1 + 1). Suppose -3*f + 27 = 3*d, f - w*f + 1 = -3*d. What is the remainder when d is divided by 2?
1
Suppose 44 = 5*s - 3*i, s - 18 = 2*i - 5. Let n = -7 + s. Suppose n*y - 3*y = -93. Calculate the remainder when y is divided by 16.
15
Suppose 0 = -r - 4 - 3. Let m(k) = -2*k - 16. Let z be m(-13). Let q = z + r. What is the remainder when 5 is divided by q?
2
Let p(q) = q**2 + 2*q + 8. Let o be p(-8). Let l = o - 33. What is the remainder when 110*-1*2/(-5) is divided by l?
21
Let s = 8 - 5. Suppose 17 = -2*p + s. Let t(c) = -2*c - 1. What is the remainder when 24 is divided by t(p)?
11
Suppose 3*l = 26 + 1. Calculate the remainder when 93 is divided by l.
3
Let j(a) = a**3 + 14*a**2 - 15*a + 2. Let o be j(-15). Let h(t) = 11*t - 2. What is the remainder when h(o) is divided by 8?
4
Let f = 34 - -37. Let i = f - 51. Let g(k) = k + 4. Calculate the remainder when i is divided by g(7).
9
Suppose 2*h = -5*i + 5*h + 347, 4*i - 277 = 3*h. What is the remainder when i is divided by 37?
33
Suppose -w - 8 = 2*n - 50, 5*n - 5*w - 105 = 0. What is the remainder when n is divided by 12?
9
Suppose 0 = 3*t - 0 - 15. Calculate the remainder when 18 is divided by t.
3
Let g = 55 + -40. What is the remainder when 59 is divided by g?
14
Let j = 72 - 53. Suppose -5*y + z = -182, 4*y + 2*z + 3*z - 134 = 0. Calculate the remainder when y is divided by j.
17
Let v(m) = -11*m + 5. Suppose 0 = -4*x + 5*c - 9 + 86, 0 = 4*x + 4*c - 32. What is the remainder when v(-4) is divided by x?
10
Let o = 290 + -148. Calculate the remainder when o is divided by 48.
46
Let n(v) = 9*v**3 - 2*v**2 + v + 1. Suppose 370 = 25*k - 55. What is the remainder when n(2) is divided by k?
16
Suppose 0 = -4*i - 5*m + 29, 2*i + 23 = m + 4*m. Suppose 0*l + l - i = 0. What is the remainder when l/((-3)/66*-2) is divided by 6?
5
Suppose -2*b + 8 = -22. Let h(a) = a**2 - 2*a + 1. What is the remainder when b is divided by h(3)?
3
Suppose -d + 6 = 2*a, -5*d - a + 6*a = -15. What is the remainder when 11 is divided by d?
3
Let l(r) = -3*r + 6. Suppose 5*b - 20 - 45 = 0. Calculate the remainder when l(-10) is divided by b.
10
Let h = 53 + 26. What is the remainder when h is divided by ((-3)/2)/(2/(-36))?
25
Suppose -2*y + 276 = 4*a, -4*a - 4 + 20 = 0. Calculate the remainder when y is divided by 17.
11
Let w(u) = -u**3 - 5*u**2 - 4*u - 5. Let j be w(-4). Let t be (j + 11)*4/(-6). Calculate the remainder when 1 - 1 - (t + 0) is divided by 3.
1
Calculate the remainder when 7 is divided by -2 + (2 - -2 - -3).
2
Suppose 4*z = -z + 10. Suppose 2*v = -z*v - 4. Let k = v - -10. What is the remainder when 26 is divided by k?
8
Suppose 3*l - 32 - 7 = -3*y, 82 = 4*y - 2*l. What is the remainder when y is divided by 5?
3
Suppose 0 = 2*h + 3*h + 5. Let g = h - 1. Calculate the remainder when 10 is divided by (3 + g)*2*2.
2
Let u(s) = -s**3 + 3*s - 1. What is the remainder when u(-4) is divided by 13?
12
Let u(b) = -18*b - 2. Let v be u(-5). Suppose 2*p = -0*p + v. Calculate the remainder when p is divided by 15.
14
Calculate the remainder when (-1 + (-6)/(-3))*79 is divided by 20.
19
Let k = -22 + 66. Calculate the remainder when k is divided by 15.
14
Suppose 4*r - 31 + 11 = 0. Suppose x - r*i = 10, x - 20 = 3*i - 0*i. Calculate the remainder when x is divided by 9.
8
Let n be (-1 + 2 + -2)*-2. Suppose 0*c = n*c - 6. What is the remainder when 24 is divided by 102/8 - c/(-12)?
11
Let w(v) = -2*v**2 + 30*v - 9. Suppose 4*a = 141 + 155. Calculate the remainder when a is divided by w(14).
17
Let l(s) = 22*s**2. What is the remainder when 107 is divided by l(-1)?
19
Let k = -140 - -399. What is the remainder when k is divided by 52?
51
Let k(q) = 4*q**2 + 4*q + 4. Calculate the remainder when k(-4) is divided by 8.
4
Let i(z) = 4*z**2 - 5 - 3*z + 8 - 2*z**2. Calculate the remainder when 19 is divided by i(2).
4
Suppose -5*u - 15 = -i - 8*u, 0 = -2*i + 3*u + 21. Calculate the remainder when 95 is divided by i.
11
Suppose l = -4*x + 52 + 35, -122 = -2*l + 5*x. Calculate the remainder when l is divided by 25.
21
Suppose f = 5*f - 12. Suppose f*a = a + 50. Calculate the remainder when a is divided by 14.
11
What is the remainder when (-338)/(-8) + 3/(-12) is divided by 15?
12
Suppose -4*u = 2*c - 986, 4*u + 2*c - 498 = 2*u. Calculate the remainder when (u/(-6))/(10/(-15)) is divided by 16.
13
Let w = 9 + -12. Let q = w + 6. Calculate the remainder when (7 - (-1 + 0))*1 is divided by q.
2
Suppose 0 = o - 0 - 12. Let l be 3*-83*(-2)/3. Suppose 3*h = -3*d - 22 + l, -5*d = -3*h + 136. What is the remainder when h is divided by o?
11
Calculate the remainder when (18/(-4))/((-9)/12) is divided by 3.
0
Let i(d) = -d**3 - 9*d**2 - 5*d - 8. Suppose 0 = -s + 3*j + 8, -12 = -s + j + j. Calculate the remainder when i(-9) is divided by s.
17
Suppose -f - 184 = -q + 2*f, -2*f + 563 = 3*q. What is the remainder when q is divided by 27?
25
Let w(r) = 2*r - r**3 - 6*r**2 + 6 + r**3 + 4*r + r**3. Suppose 0*a + 4*a - 20 = 0. Calculate the remainder when 31 is divided by w(a).
9
Let p(l) = -4*l - 4. Let q = -1 + -2. Suppose 3*j = -0*c - c, 2*j = -4*c + 50. What is the remainder when c is divided by p(q)?
7
What is the remainder when 28 is divided by (-7 + 6)/(2/(-20))?
8
Let l = -64 - -188. Suppose -l = -4*w + 64. What is the remainder when w is divided by 16?
15
Suppose -13 - 9 = -a. Let w = 2 + 62. Calculate the remainder when w is divided by a.
20
Let z(t) = -9*t - 8. Suppose -3*k + 81 = 3*c, 4*c + 5 = -k + 41. What is the remainder when z(-6) is divided by k?
22
Let l(f) = 9*f + 9. Let y(k) = 1. Let w(j) = -l(j) + 3*y(j). What is the remainder when w(-3) is divided by 8?
5
Suppose j = -4*a - 6 + 19, -3*j + 3*a + 39 = 0. What is the remainder when 41 is divided by ((-1)/1 - 1) + j?
8
Suppose 232 + 18 = 5*j. Suppose -5*y - 3*c = c - j, 3*y + 5*c - 30 = 0. What is the remainder when 29 is divided by y?
9
Let p = 9 - 13. Le